= -6 + 8. Suppose -s*z = -0*z - u. What is the units digit of z?
5
Suppose 4*x = -2 + 22. What is the units digit of x?
5
Let p(m) = -6*m + 5. Let y be (-4)/(-16) - (-34)/(-8). What is the units digit of p(y)?
9
Let k = 0 + 4. Suppose 81 = -k*d - 23. What is the units digit of d/(-10) - (-4)/10?
3
Suppose 0 = -2*f + 4*f - 10, -2*f = 3*z - 109. What is the units digit of z?
3
Let p be (-112)/(-20) - 4/(-10). Suppose -7*c = -p*c - 21. What is the tens digit of c?
2
Suppose 2*u = -3*p - 121, -u - 5*p = 2*u + 180. Let w = -28 - u. What is the units digit of w?
7
What is the tens digit of 14/(-7) + (-2 - -31)?
2
Suppose -2*v + 40 + 63 = p, -408 = -4*p - 4*v. What is the hundreds digit of p?
1
Suppose -4*a = -4, d + 3*a - 49 = -0*a. What is the tens digit of d?
4
Suppose 4*a = 2*t + 2, -3*a - 3*t = -5*t. Suppose -5 = a*v - 5*k - 33, 0 = -2*v - 4*k + 28. What is the tens digit of v?
1
Suppose -3*d + 1 - 11 = 5*t, -3*d = 3*t. Suppose 2*z + 46 = 5*o + d*z, -40 = -5*o - 5*z. What is the units digit of o?
1
Let g = 15 + -13. What is the units digit of g?
2
Suppose 4*i - 4*v = 5 + 3, 23 = 4*i + v. Let f(a) = a**3 - 4*a**2 - 4*a - 2. What is the units digit of f(i)?
3
Suppose -5*y - 4*g = 33, 3*y + 0 + 12 = -5*g. Let u(p) = -p**2 - 11*p - 5. What is the units digit of u(y)?
3
Suppose -468 = -2*q - q. What is the units digit of q?
6
Let b be (-7)/(-4 + 2 + 1). Let a = b + -1. What is the units digit of a?
6
Suppose 3*d = -3*f - 72, -f = -2*d - 29 - 28. Let t = d + 43. What is the units digit of t?
6
Let k = -388 + 563. What is the units digit of k?
5
Let v be (-1)/(-6) - 6530/(-60). Suppose -v + 17 = -2*k. What is the tens digit of k?
4
Let n(v) = v**2 - 3*v + 6. What is the units digit of n(-6)?
0
Suppose -3*w + 5*t + 1 = 6, -4*t + 4 = -5*w. Let o(l) = -l**2 - l + 2. Let f be o(w). Suppose f*i = 14 + 4. What is the units digit of i?
9
Let m = 1 + 6. Let f = m + -4. What is the units digit of (-2 + 2)*-1 + f?
3
Let o(u) = -13*u - 83. What is the units digit of o(-7)?
8
Suppose -4*a - 2*w + 30 = -7*w, -2*a + 4*w = -18. Let g = 8 - a. What is the units digit of g?
3
Let c(a) = 16*a + 2. What is the hundreds digit of c(8)?
1
Let m = 55 - 33. What is the tens digit of m?
2
Let s(q) = 29*q**3 - 2*q**2 + 2*q - 1. Let f be s(1). What is the units digit of (5/10)/(1/f)?
4
Let t = 14 - 11. Suppose -c = -j + 5*j - 75, -2*c = -t*j + 70. What is the tens digit of j?
2
Suppose -2*y - 2*y + d + 550 = 0, 5*y = 3*d + 684. What is the hundreds digit of y?
1
Let r = 5 - 4. Let p be -1*r*(-2 - 1). Suppose -p*i + 17 = -1. What is the units digit of i?
6
Let m(v) = -2*v**2 - v + 4. Let n be ((-19)/5 + 3)*5. Let w be m(n). Let j = -14 - w. What is the tens digit of j?
1
Suppose 0*g + 10 = 2*g. Let p be (-1)/(-1)*-2 + 11. Let v = p - g. What is the units digit of v?
4
Let j(v) = v + 35. What is the units digit of j(-15)?
0
Let z(x) = 18*x + 4. What is the units digit of z(3)?
8
Let d = -6 - -4. Let y(n) = -4*n**3 + 2*n**2 - n - 4. What is the units digit of y(d)?
8
Let o(y) = 6*y. Let d be o(2). Let u = -8 + d. What is the units digit of u?
4
Suppose -23 = 2*g + 3*m, -m = -g - 0*g + 1. Let r(s) = 11*s**3 + s**2 - 1. Let k be r(-1). Let b = g - k. What is the units digit of b?
7
Let v(d) = d + 14. Let m be v(-10). Suppose -4*i - 2*q = 6, -m*i + 17 + 2 = -3*q. What is the units digit of (0 - -3) + (i - 3)?
1
Let a = 13 - 3. Let x(h) = h**2 + 2*h - 3. Let b be x(2). Suppose a*n - w - 48 = b*n, 0 = -n + 5*w + 24. What is the units digit of n?
9
Let b(h) = 12*h**2 + 2. Let i be b(-2). What is the tens digit of 6/(-5)*i/(-4)?
1
Let g = 70 - 3. What is the tens digit of g?
6
Let c(v) = -v**3 + 5*v**2 - 5*v - 1. Let j be c(4). Let f = -4 - j. What is the units digit of f?
1
Let s = 555 - 395. What is the units digit of s?
0
Suppose 27 = -0*y + 3*y. Suppose 0 = 4*s + 5*j - 5, 3*j - 16 = 2*s + y. What is the units digit of (s + 4)/(2/(-28))?
4
Suppose -23 = h - 3*w, h + 2*w = -5 - 3. What is the units digit of 3/21 + (-40)/h?
3
Let n be (-148)/(-28) - (-4)/(-14). Let q(x) = x**2 - 3*x - 5. Let v be q(n). Suppose 2*z - 5 = -4*t + 3*t, 0 = -3*z - v*t + 18. What is the units digit of z?
1
Let f(j) = -j**2 - 2*j + 3. Let v be f(-4). Let p = v + 9. Suppose 1 + 3 = p*c. What is the units digit of c?
1
Let r be (2/(-5))/((-3)/15). What is the units digit of (-2 + 1)*(-5 - r)?
7
Suppose 0*l = 3*z + l - 173, 0 = -2*l - 8. Suppose 4*m = z + 61. What is the tens digit of m?
3
Let g(j) = j + 12. Let v be g(-11). What is the tens digit of (20/v)/(7/7)?
2
Let b be (0 + -3 + 2)*-11. Suppose b + 2 = n. What is the tens digit of n?
1
Suppose -106 - 60 = -2*v. What is the units digit of v?
3
Suppose 15 = n - 13. Suppose -2 - 15 = -3*q + d, 4*q - n = 4*d. Suppose 4*m - 29 = -q*c, -m + 3*c + 42 = 2*m. What is the tens digit of m?
1
Let w = -8 - -11. Suppose -w*l - 7 = -16. What is the units digit of l?
3
Let d(t) = -t**3 + 3*t**2 + 2*t - 3. Let c be d(3). Suppose 2*q = -c*q + 65. What is the units digit of q?
3
Suppose -w = 3*w - 36. Let o = 12 - w. What is the units digit of o?
3
Let j = 468 - 327. What is the units digit of j?
1
Let x(o) = -o**3 - 6*o**2 - o + 8. Let t = 5 + -11. What is the tens digit of x(t)?
1
What is the tens digit of (-348)/(-5) + (-6)/10?
6
Suppose 221 = 5*w + 2*l, 3*l + l = w - 53. Suppose -5*a + 65 = -5*h - w, -4*a + h + 91 = 0. What is the tens digit of a?
2
Suppose -2*t - 2*x = -3*x - 349, 4*x - 188 = -t. What is the hundreds digit of t?
1
What is the tens digit of (17050/15)/5*(-9)/(-6)?
4
Let h = 30 + -4. Suppose -2*p = -0*p - h. What is the units digit of p?
3
Let s(j) = 65*j**2 + j + 1. Let f be 1/(0 + 1 - 2). Let l be s(f). Suppose -2*y = 3*y - l. What is the tens digit of y?
1
Let x(c) be the first derivative of c**2/2 - 2*c - 1. Let d = -9 + 13. What is the units digit of x(d)?
2
Let c(a) = 9*a - 42. What is the units digit of c(14)?
4
Let c be (-1)/((-160)/(-52) + -3). Let n = 8 - c. What is the units digit of n?
1
Let z(r) = r**3 - 3*r**2 - r - 4. Let t be z(4). Suppose -3*s - t = s. Let c = s - -7. What is the units digit of c?
5
Suppose 4*h - 5 = -d, -h - h - d = -3. Let n = 1 - h. Suppose -4*y = -16, -2*p - 2*p + 3*y + 32 = n. What is the units digit of p?
1
Let w be ((-3)/(-4))/(4/(-48)). Let r(h) = h**2 + 9*h + 5. Let n be r(w). Suppose n*d = c + 4 - 6, 5*d = -5*c + 40. What is the units digit of c?
7
What is the tens digit of ((-4)/6)/((-3)/(-81)*-1)?
1
Let a = 130 + -55. What is the units digit of a?
5
Let z = -1 - -3. Let j(w) = 0*w + 0 + 3 - z*w - 1. What is the tens digit of j(-5)?
1
Suppose 0*l + 733 = 3*q + l, 5*q + 5*l - 1235 = 0. What is the tens digit of q?
4
Let m(v) = 5*v + 2. Let j be m(-4). What is the tens digit of (j/(-12))/(9/246)?
4
Suppose 0 = -6*s + 11*s - 10. Suppose -s*b + 5*b - 75 = 0. What is the units digit of b?
5
Let p(u) = 8*u**2 - 3*u + 2. What is the units digit of p(3)?
5
Suppose -q + 3 + 17 = 0. What is the units digit of q?
0
Let w = -1 - -4. Suppose -f + w*x - 6 = 2*x, 4*x = -4*f - 8. Let b = -2 - f. What is the units digit of b?
2
What is the units digit of (2 - (-1 + 10))*-1?
7
Let s(f) = f**2 + 8*f - 2. Let y(k) = -k**2 - 4*k. Let d be y(-6). What is the units digit of s(d)?
6
Let z be 2*(-26)/(-12)*3. Suppose h = 1 + z. What is the tens digit of h?
1
Suppose 3 - 2 = l. Let k(f) = -l - 2*f + 7 + f. What is the tens digit of k(-7)?
1
Suppose -2*a = a - 24. Let z(k) = k. Let g(s) = -2*s - 1. Let x(u) = -3*g(u) - 5*z(u). What is the tens digit of x(a)?
1
Let x(g) = 11*g - 4*g + 3*g. Suppose 3*q + w - 11 = -3*w, 2*w - 8 = -4*q. What is the tens digit of x(q)?
1
Let u be (-6)/30 - (-478)/(-10). What is the units digit of (6/4)/((-8)/u)?
9
Let b = -368 + 526. What is the units digit of b?
8
Let i be (18/(-24))/(1/8). Let j(q) = q + 6. Let r be j(i). Let t = 5 + r. What is the units digit of t?
5
Suppose -9 - 111 = -3*g. What is the units digit of g?
0
Suppose 5*z + 4*y - 77 = 0, -5*y - 2 = -3*z + 22. Suppose 0*i + 4*n - 26 = -i, -3*i + z = -n. What is the units digit of i?
6
Suppose 0 = -3*p - 4*y + 247, 1 = 3*y - 2. Let z = p - 28. What is the units digit of z?
3
Let w(l) = -2*l. Let a be w(-1). Suppose -a*c + 5 = 3. What is the units digit of c?
1
Let c = -38 + 149. What is the tens digit of c?
1
Let k = -2 - 16. Let z = -12 - k.